 853990 (base 13) in base 9?
5776647
What is -326172 (base 8) in base 4?
-122301322
Convert 85d7a (base 14) to base 4.
1033001320
-4265261 (base 7) to base 13
-152b94
What is -341414 (base 9) in base 12?
-9a3a1
30616 (base 8) to base 2
11000110001110
11225420 (base 6) to base 14
90124
Convert 1177511 (base 11) to base 8.
7632151
What is -546583 (base 12) in base 5?
-320311131
What is 9a0581 (base 11) in base 13?
43b917
Convert 2533012 (base 6) to base 10.
136736
-2100110210100 (base 3) to base 15
-19a2a3
Convert -2200030010 (base 4) to base 5.
-131444012
582333 (base 11) to base 16
e1f04
Convert -857d2 (base 14) to base 12.
-136838
What is -610634 (base 8) in base 13?
-70706
10001300331 (base 4) to base 10
1055805
-34203221 (base 5) to base 14
-7c8ad
Convert -1422240403 (base 5) to base 11.
-2105956
Convert 5a5426 (base 12) to base 5.
333221031
What is 34311350 (base 6) in base 8?
4005422
Convert -522464 (base 10) to base 15.
-a4c0e
What is 13062561 (base 8) in base 2?
1011000110010101110001
Convert 101020103010 (base 4) to base 10.
4490436
Convert -1509704 (base 10) to base 4.
-11300211020
What is 5251863 (base 10) in base 16?
502317
What is -128c1 (base 16) in base 3?
-10212012200
-1ba404 (base 16) to base 8
-6722004
1451100 (base 9) to base 14
16c004
2882c (base 16) to base 6
3320112
What is -11211102122 (base 4) in base 14?
-2a1482
What is 8c30bc (base 13) in base 15?
4589b7
Convert -10100011010001010011 (base 2) to base 15.
-d323a
What is 14a2b6 (base 12) in base 4?
1111110222
Convert 2134132 (base 6) to base 9.
171232
-162958 (base 11) to base 12
-1022b3
5055931 (base 12) to base 15
14c254d
Convert 16214142 (base 7) to base 14.
2cb059
-7463814 (base 11) to base 2
-110010000111100000100001
Convert -211422441 (base 6) to base 7.
-43422556
2413153 (base 6) to base 15
276d9
What is -10011010101011000 (base 2) in base 4?
-103111120
Convert -662773 (base 8) to base 11.
-142369
Convert 11646070 (base 8) to base 14.
4b07c4
What is -16263043 (base 7) in base 9?
-2865277
What is -322041 (base 6) in base 8?
-63411
What is 30446604 (base 9) in base 2?
110111110000011010010011
536504 (base 8) to base 4
223311010
-920d1 (base 15) to base 6
-13525311
Convert 596273 (base 11) to base 9.
1700668
Convert -4a06c (base 15) to base 4.
-321231000
743469 (base 11) to base 3
2020111000121
111101111101111110100 (base 2) to base 8
7575764
Convert 1042660 (base 10) to base 13.
2a6778
Convert 33134130 (base 5) to base 10.
286790
-78117 (base 13) to base 11
-139612
10422113 (base 5) to base 2
10110011111111110
-167006 (base 8) to base 6
-1150034
373129 (base 14) to base 8
7155041
220401204 (base 5) to base 14
1aa3bd
Convert 147147 (base 13) to base 7.
4155030
What is 5612310 (base 7) in base 4?
2221001220
What is 156a447 (base 12) in base 5?
2104404341
What is -12714517 (base 9) in base 4?
-113322202210
What is -28665 (base 11) in base 4?
-21330113
-2012100010 (base 3) to base 7
-240054
What is -324400002 (base 5) in base 7?
-14632515
What is cc04c (base 13) in base 5?
43303120
20387 (base 15) to base 9
164881
2013224021 (base 5) to base 9
7535737
-1585680 (base 9) to base 2
-11010111101010110001
Convert -504245 (base 7) to base 8.
-247042
What is -2536447 (base 8) in base 12?
-29b347
Convert -105579 (base 14) to base 7.
-4461112
Convert 476a536 (base 11) to base 5.
4112043101
-10244232434 (base 5) to base 14
-1647529
What is -e778 (base 16) in base 12?
-2a360
-603270 (base 12) to base 11
-933977
Convert 18626 (base 14) to base 12.
2b776
1885049 (base 10) to base 13
51001a
-1011031334 (base 5) to base 15
-2a717e
Convert -7db6a (base 15) to base 9.
-670741
-269b4a (base 13) to base 9
-1675416
583086 (base 10) to base 9
1077753
What is -5533152 (base 6) in base 10?
-276764
Convert 6a4538 (base 13) to base 14.
49969a
What is 2732033 (base 8) in base 14?
15d73d
-11006337 (base 9) to base 14
-9c660d
11010112221022 (base 3) to base 10
2195702
18b911 (base 13) to base 7
5213365
What is -ace194 (base 16) in base 14?
-170cdb6
What is 1301141434 (base 5) in base 11?
185a00a
What is -11233233 (base 5) in base 15?
-204b3
What is -959771 (base 10) in base 14?
-1adab1
What is 802845 (base 11) in base 10?
1292087
What is -4202142 (base 5) in base 12?
-33b5b
Convert 213111133 (base 4) to base 8.
472537
-14042040 (base 5) to base 11
-9880a
What is 18288b (base 12) in base 10?
419435
Convert -10010000111011110010 (base 2) to base 5.
-122444100
10100132311 (base 4) to base 10
1116085
e2b4 (base 16) to base 11
3a670
-52927 (base 10) to base 3
-2200121021
What is 2104d (base 14) in base 2?
10011011100011101
-5038fa (base 16) to base 2
-10100000011100011111010
What is 7a72 (base 16) in base 13?
11363
Convert -16769 (base 15) to base 7.
-421341
What is 1021939 (base 11) in base 13?
4b1a5a
What is -27a402 (base 11) in base 8?
-1530161
Convert 14165324 (base 8) to base 2.
1100001110101011010100
-413322421 (base 5) to base 11
-a60109
12137c6 (base 14) to base 8
41005102
What is 7821580 (base 10) in base 15?
a4778a
What is 4001334231 (base 5) in base 12?
2761005
Convert -1002010201101 (base 3) to base 10.
-573517
Convert 2413b8 (base 12) to base 11.
368a47
2202020101 (base 3) to base 2
1101001101100110
What is 10206652 (base 7) in base 15?
11ea31
What is 1011111101010101111 (base 2) in base 8?
1375257
-1b768 (base 14) to base 16
-111b0
Convert 19b7a0 (base 15) to base 2.
100110010000111011010
What is 1000001110100111000101 (base 2) in base 11?
1243647
-1456745 (base 11) to base 3
-11200220102001
Convert 2431104210 (base 5) to base 15.
780805
Convert -24b91d (base 16) to base 14.
-469101
-1010102101010 (base 3) to base 12
-24a626
What is 212111222100 (base 3) in base 11?
296866
What is 1827 (base 11) in base 5?
33303
101010010111000011111 (base 2) to base 3
2121112001202
Convert 14231013 (base 5) to base 16.
24593
Convert -508a8 (base 15) to base 6.
-5244535
1440641 (base 8) to base 15
81747
Convert 101100010001000101 (base 2) to base 7.
1353423
a6219 (base 12) to base 3
102002002110
Convert 355330 (base 7) to base 12.
31271
Convert 242b469 (base 12) to base 13.
15c1149
What is c403f (base 16) in base 8?
3040077
Convert 10556420 (base 7) to base 13.
263798
What is 808479 (base 13) in base 8?
13315230
Convert -4161035 (base 8) to base 2.
-100001110001000011101
-302436 (base 13) to base 4
-10101030102
Convert -565122 (base 11) to base 9.
-1621380
Convert -1011112201010 (base 3) to base 11.
-394540
63a274 (base 13) to base 16
23a464
What is 1010110221000 (base 3) in base 10?
599913
Convert -456010 (base 7) to base 15.
-1914d
What is 1224553 (base 11) in base 6?
113344100
What is -13212301212 (base 4) in base 12?
-801a06
Convert 16430 (base 10) to base 13.
762b
What is -b2aa72 (base 12) in base 9?
-5233315
Convert 151356354 (base 7) to base 13.
2115231
What is -20636236 (base 7) in base 6?
-101355414
Convert 1423110013 (base 5) to base 7.
43432536
-6057762 (base 8) to base 14
-2d821c
18337 (base 10) to base 12
a741
Convert 5414213 (base 6) to base 15.
54000
-101000010001000000111 (base 2) to base 8
-5021007
What is -17257142 (base 8) in base 13?
-aaa7c9
What is -2474423 (base 8) in base 13?
-1b0537
Convert 18a14d (base 16) to base 4.
12022011031
Convert 4326123 (base 7) to base 8.
2007107
What is -261d2d (base 14) in base 6?
-44035353
-5343920 (base 12) to base 7
-251002422
Convert 42012121 (base 6) to base 14.
238a1b
-5333612 (base 10) to base 14
-9cba44
What is 1213033202 (base 4) in base 5?
102013012
-10111110110111101000110 (base 2) to base 6
-342015330
What is -c4071 (base 14) in base 7?
-4004201
121631326 (base 7) to base 2
11101001000110001001011
What is -21220301031 (base 4) in base 2?
-1001101000110001001101
23210 (base 12) to base 2
1011011101101100
What is -2748b (base 16) in base 9?
-264645
-2201011101 (base 3) to base 6
-1050531
-1300255 (base 6) to base 7
-411230
-10012123230 (base 4) to base 15
-163769
-8958 (base 11) to base 7
-46255
-4634106 (base 7) to base 16
-8d9e4
Convert -11198 (base 16) to base 11.
-48693
Convert -10143 (base 11) to base 5.
-433214
Convert -40400440 (base 5) to base 6.
-10545104
22240411 (base 6) to base 2
10100100100100010111
What is -255253 (base 8) in base 4?
-111222223
Convert 20043431 (base 5) to base 9.
262384
-59114 (base 10) to base 7
-334226
Wh